its digit of f?
9
Suppose 0*u - u = -2. Suppose u*q + 7 - 21 = 0. Suppose -q*b + 4*b = -63. What is the units digit of b?
1
Suppose q - o + 4 = 3*o, 0 = -2*q + 2*o - 26. Let u = -8 - -13. What is the units digit of 0 - (u + -3) - q?
4
Let m(g) = -173*g**2 - 3*g - 3. Let i(r) = -r**2 - r. Let x(j) = 6*i(j) - m(j). What is the units digit of x(1)?
7
Let i(r) = -14*r**2 + 28*r - 3. Let s(h) = -41*h**2 + 84*h - 8. Let n(p) = 11*i(p) - 4*s(p). What is the units digit of n(7)?
3
Suppose 19*b + 2894 = 26150. What is the tens digit of b?
2
Let x(g) = 2*g**3 - 3*g**2 - 3*g + 2. Suppose d + 12 = 4*p - 12, 7 = -p - 3*d. What is the units digit of x(p)?
2
Let a = -875 - -946. What is the tens digit of a?
7
Let w(l) = -80*l + 10. Let o be w(-3). Suppose 6*c - o = c. What is the tens digit of c?
5
Let v(x) = -16*x - 8. Let w(o) = 16*o + 7. Let j(d) = -6*v(d) - 7*w(d). Let c be j(-1). Let p = 18 - c. What is the units digit of p?
3
Let x be 6/33 - ((-53)/11)/1. Let y = 4 + -3. Suppose -x*g = -4*r + 145, g - y = 2*g. What is the units digit of r?
5
Suppose 0 = -5*k + 10, 0*g + 4*g - 4*k = 40. What is the tens digit of 86 + -9*(40/g + -3)?
8
Let q be ((-578)/(-8))/(13/104). Suppose -2*v = -4*r - q, v + 0*r - 286 = r. What is the hundreds digit of v?
2
Let j(r) = -3*r**2 - 71*r**3 - 6 + 7*r - 2 - 3*r + 70*r**3. Let k(d) = -2*d + 7. Let h be k(6). What is the units digit of j(h)?
2
Let t be 4 + ((-10)/(-1) - 3). Suppose 0 = -t*x + 7*x + 132. Suppose -v + 4*s = -0*v - x, 5*v + s - 123 = 0. What is the units digit of v?
5
Let r(q) = 43*q**3 + q**2 - q. What is the units digit of r(2)?
6
Let f(p) = -147*p**2 + p. Let l be f(-1). Let u = l - -56. What is the units digit of 1/(((-8)/u)/2)?
3
Suppose -14*r + 1301 = -2619. What is the units digit of r?
0
Let h be -3 - (6/(-3) + (-250)/1). Let s = 366 - h. What is the tens digit of s?
1
Suppose -5*y - 3*l - 5 = 17, 13 = -2*y + 3*l. What is the tens digit of 6 + y - (-17 - -1)?
1
What is the hundreds digit of 6615/10 - (-5)/2?
6
Let m(d) = -33*d**3 + 3*d**2 + d - 1. Let j be m(-2). Let a = 63 - 63. Suppose s + j = 2*f + 2*f, -5*f - s + 330 = a. What is the units digit of f?
7
Let k(m) = -m + 14. Let j be k(10). Let u(n) = 7 - j - 3 + 3*n. What is the units digit of u(1)?
3
Let g = -2582 + 5062. Suppose 13*p - 3*p - g = 0. What is the tens digit of p?
4
Let j be (-141)/(-18) - 3/(-18). Let b = 9 - j. What is the units digit of b/(-1*(-3)/42)?
4
Let x = 98 - 93. What is the tens digit of ((-3)/(-6))/(x/770)?
7
Let r = 2792 + -1383. What is the hundreds digit of r?
4
Suppose 5*l - 9*l = -12. Suppose m - 141 = -2*z, l*z + 126 = m - 0*z. What is the hundreds digit of m?
1
Let s(h) = -88*h + 153. What is the units digit of s(-6)?
1
Let n be (-22)/4 + 15/(-10). Let v(d) = -6*d + 15. What is the tens digit of v(n)?
5
Suppose -5*n = p + 10, 0 = n - 0*n + 4. Let x = -7 + p. Suppose x*c - 63 = -0*c. What is the tens digit of c?
2
Suppose -108*g + 105*g = -4362. What is the tens digit of g?
5
Suppose -5*o + 0*q = -q - 95, 0 = -o - q + 13. Suppose o = t + 4. What is the units digit of t?
4
Let x(t) = -t**2 + 4*t - 1. Let o be x(2). Suppose -4 - 5 = -o*m - 2*z, -5*m = 2*z - 15. What is the tens digit of 3 - (-2 - 19 - m)?
2
Let y(w) = -3*w**2 + 24*w - 5*w**2 - w**3 - 11*w + 1. What is the tens digit of y(-10)?
7
Let c be 1467 + ((-8)/(-4) - 3). Suppose -c = -8*v - 370. What is the tens digit of v?
3
Let v be (2 - -119 - 2)*2/2. Suppose -v = 2*b + r - 368, -b + 117 = 3*r. What is the tens digit of b?
2
Let a be 1/(-1 + (-24)/(-26)). Let m = -34 - -81. Let w = a + m. What is the units digit of w?
4
What is the thousands digit of (-8 - 2) + 3147 + 6?
3
Let z(l) = l**3 - 68*l**2 - 47*l + 101. What is the tens digit of z(69)?
1
Suppose 3*r = 4*r + v + 23, 3*r + 51 = 3*v. Let j = r + 49. What is the units digit of j?
9
Suppose -41 + 10 = -5*o + 4*i, -o - 9 = 3*i. Suppose -c - 264 = -o*c. What is the tens digit of c?
3
Let b = -16 + 22. Let q(i) = -b - 3*i + i + i. What is the units digit of q(-8)?
2
Let w be (2/(-6))/((-3)/63). Let d(u) = 5*u - u - 6 + w*u - u. What is the units digit of d(5)?
4
Suppose -4*g + 0*g + 216 = 0. Let u be -1 + -1*g/3. Let c = u + 48. What is the units digit of c?
9
Suppose 458 = 6*u - 346. Let d = u - 15. What is the units digit of d?
9
Let p be (-16)/(-12)*(-1 - 2). Let f = -1 - p. Suppose y - 11 = f*n + 7, 2*n = y - 20. What is the tens digit of y?
2
Suppose -3609 = -385*u + 382*u. What is the hundreds digit of u?
2
Suppose 12 + 3 = 5*g. Suppose 190 = -g*l + 5*l. What is the tens digit of l?
9
Let y(x) = -2*x - 13. Let a be y(-11). Suppose a + 12 = 3*o. Let d(v) = 2*v - 7. What is the units digit of d(o)?
7
What is the units digit of (2*809)/(-15 + 17)?
9
Suppose 12 = 4*s - 36. Suppose 0 = -5*c, -2*c + s = 4*y - 4*c. What is the units digit of y?
3
Let j be (10 - 6) + (2 - 1). Suppose -4*c - c - 4 = -2*z, -j*z + 10 = -2*c. Suppose 2*p = -4*n + 36, 4*p - 5*n = -z*n + 39. What is the units digit of p?
2
Let t = 5933 + -1382. What is the units digit of t?
1
Let b(g) = -g**3 + 10*g**2 - 11*g + 13. Let u be b(9). Let i = u + 128. What is the hundreds digit of i?
1
Let x be (-2 - 86/(-7)) + 8/(-28). Let r(c) = 13*c + 4. What is the hundreds digit of r(x)?
1
What is the units digit of (-6349)/(-8) - (-3 - 84/(-32))?
4
Suppose j + c + 206 = 753, 4*j + 3*c = 2183. What is the tens digit of j?
4
Let z be ((-7)/6 - (-3)/(-9))*-18. Let k = 43 - z. What is the tens digit of k?
1
Let k be (12/(1 - -3))/1 - 21. What is the tens digit of (-4)/k - (-20)/27*24?
1
Let d(o) = -14*o - 13. Let m = -73 + 63. What is the tens digit of d(m)?
2
Let f(a) = a**3 + 23*a**2 - 19*a + 4. What is the tens digit of f(-15)?
8
Let h be (24 - 5)*(0 + 2). Let a = h - 20. What is the units digit of a?
8
Suppose 8*n + 2*n = 1750. What is the hundreds digit of n?
1
Suppose 288 = 4*d - 0*d. Suppose 3*a - d = 7*a. What is the units digit of (-8)/(75/a + 4)?
8
Suppose 3*j = 11 + 1. Let f be 56/(-9) - j/(-18). Let c(h) = -4*h + 1. What is the tens digit of c(f)?
2
Let u(q) = -16*q - 31. Let k(x) = -3*x - 6. Let t(s) = -11*k(s) + 2*u(s). Let w(y) = 2*y - 5. Let o be w(7). What is the tens digit of t(o)?
1
Let a(d) = -119*d - 103. What is the hundreds digit of a(-6)?
6
Let s = 10 - 10. Suppose 4*h + p - 134 = s, 0 = 4*h - 2*p - 169 + 29. What is the tens digit of h?
3
Suppose 0 = 5*h + 2*r - 801 - 18415, -h - r = -3845. What is the hundreds digit of h?
8
Suppose -25092 = -n - 4*n - 2*r, -5*n + 25085 = -5*r. What is the units digit of n?
8
Suppose -t - 4 + 1 = 0. Let d be t/9 - (-145)/3. Suppose -6*h + d = -4*h. What is the tens digit of h?
2
Suppose -5*p = 3*g - 209 - 133, -2 = 2*g. Suppose 3*x - p = 4*x. Let b = -23 - x. What is the units digit of b?
6
Let k be (-55)/15 - 6/(-9). Let g be (k + (-4 - -5))/(-2). Suppose 0 = u - 23 - g. What is the tens digit of u?
2
Suppose 24*b - 20827 = 51197. What is the thousands digit of b?
3
Let o(x) = -x**3 + 13*x**2 + 37*x + 7. What is the hundreds digit of o(15)?
1
What is the units digit of (2 + 1494/(-45))/(4/(-30))?
4
Suppose -6514 = -2*j + i, 112*i + 13034 = 4*j + 113*i. What is the units digit of j?
8
Let m = -903 + 2938. What is the tens digit of m?
3
Let t be -4*(-1 + 28/16). What is the units digit of (4 + t)/(7/742)?
6
Suppose -3*m + 19 + 25 = -4*t, 0 = 5*m - 2*t - 50. Suppose -s = 2*r - 62, -3*r + 5*s - 165 = -m*r. What is the units digit of r?
9
Suppose 23*r + 846 = 29*r. What is the units digit of r?
1
Suppose -4*v + 2519 = -3*p - 1092, 5*v + 2*p = 4531. What is the units digit of v?
5
Let a = -1261 - -1155. Let p = 185 + -335. Let l = a - p. What is the tens digit of l?
4
Let g(o) be the third derivative of 13*o**2 + 0*o**4 + 7/60*o**5 + 1/120*o**6 + 0 + 0*o + 2/3*o**3. What is the units digit of g(-7)?
4
Let d be (-3)/3*-2 + 3. Suppose t + d*i = -3*t + 33, t + i - 9 = 0. Suppose 5*y = 18 + t. What is the units digit of y?
6
What is the hundreds digit of (-2 - 0)*2 - 1668/(-4)?
4
Suppose 2*w + 3*o = 8, -2*o + 4 = -w - 6. What is the tens digit of 1/(-1) - (w + -9)*7?
7
Let k(g) = -3*g**2 - 35*g - 8. What is the tens digit of k(-10)?
4
Suppose -3*s - 13 + 228 = 5*v, -5*s - 15 = -v. Suppose 233 = 13*g - v. What is the units digit of g?
1
Suppose -5*o - 4*y = -34, 2*y = 3 - 1. Suppose 3*z = 2*b - 205